{"id":74,"date":"2025-09-10T05:59:01","date_gmt":"2025-09-10T05:59:01","guid":{"rendered":"https:\/\/niestatupa.fi\/?page_id=74"},"modified":"2025-12-12T07:22:17","modified_gmt":"2025-12-12T07:22:17","slug":"tervetuloa-niestatupaan","status":"publish","type":"page","link":"https:\/\/niestatupa.fi\/","title":{"rendered":"TERVETULOA NIESTATUPAAN!"},"content":{"rendered":"\n<p><\/p>\n\n\n\n<p class=\"has-small-font-size\">Niestatupa on oivallinen tukikohta Lapin lomailuun. Sijainti on erinomainen, tulitpa sitten lent\u00e4en, junalla tai omalla autolla. Linja-autolla Kittil\u00e4st\u00e4 ja Kolarista p\u00e4\u00e4see aivan viereen. Autoille on kaksi omaa tolppapaikkaa. \u00c4k\u00e4slompolon kaikki palvelut l\u00f6ytyv\u00e4t l\u00e4hist\u00f6lt\u00e4, \u00c4k\u00e4shotelli n. 500 m ja Jounin kauppakeskus n. 1 km.<\/p>\n\n\n\n<hr class=\"wp-block-separator has-alpha-channel-opacity\"\/>\n\n\n\n<p class=\"has-small-font-size\">Niestatupa sijaitsee p\u00e4\u00e4ttyv\u00e4n tien lopussa, joten l\u00e4pikulkuliikennett\u00e4 ei ole. Terassi avautuu kohti kangasmets\u00e4\u00e4. Pihasta p\u00e4\u00e4see suoraan ulkoilureitille ja talvella ladut riste\u00e4v\u00e4t useampaan suuntaan aivan vierest\u00e4. Kes\u00e4ll\u00e4 matkailijaa hemmotellaan upeilla vaellusmaastoilla ja alkukes\u00e4 on erinomaista aikaa melomiselle; rauhallisesti Kes\u00e4nkijoessa ja hurjemmin \u00c4k\u00e4sjoessa. Ja Yll\u00e4ksen py\u00f6r\u00e4reitith\u00e4n ovat huippuluokkaa kes\u00e4t ja talvet. Laskettelijat p\u00e4\u00e4sev\u00e4t ski-bussilla Suomen suurimman hiihtokeskuksen rinteisiin ja takaisin voi vaikka laskea py\u00f6r\u00e4tiet\u00e4 pitkin.<\/p>\n\n\n\n<hr class=\"wp-block-separator has-alpha-channel-opacity is-style-default\"\/>\n\n\n\n<p class=\"has-small-font-size\">\u00c4k\u00e4slompolon kyl\u00e4 taas sijaitsee keskell\u00e4 kaikkea; Yll\u00e4sj\u00e4rvelle 15 km, Pallakselle 55 km, Leville 60 km, Kolariin 40 km, Kittil\u00e4n lentokentt\u00e4lle 50 km ja Muonioon 55 km.<\/p>\n\n\n\n<p class=\"has-small-font-size\"><em>Tervetuloa nauttimaan Lapin lumosta!<\/em><\/p>\n\n\n<div class=\"wp-block-image is-style-default\">\n<figure class=\"aligncenter size-full is-resized\"><img loading=\"lazy\" decoding=\"async\" width=\"2560\" height=\"1440\" src=\"https:\/\/niestatupa.fi\/wp-content\/uploads\/2025\/10\/IMG_3792-scaled.jpeg\" alt=\"\" class=\"wp-image-326\" style=\"width:609px;height:auto\" srcset=\"https:\/\/niestatupa.fi\/wp-content\/uploads\/2025\/10\/IMG_3792-scaled.jpeg 2560w, https:\/\/niestatupa.fi\/wp-content\/uploads\/2025\/10\/IMG_3792-300x169.jpeg 300w\" sizes=\"auto, (max-width: 2560px) 100vw, 2560px\" \/><\/figure>\n<\/div>","protected":false},"excerpt":{"rendered":"<p>Niestatupa on oivallinen tukikohta Lapin lomailuun. Sijainti on erinomainen, tulitpa sitten lent\u00e4en, junalla tai omalla autolla. Linja-autolla Kittil\u00e4st\u00e4 ja Kolarista p\u00e4\u00e4see aivan viereen. Autoille on kaksi omaa tolppapaikkaa. \u00c4k\u00e4slompolon kaikki palvelut l\u00f6ytyv\u00e4t l\u00e4hist\u00f6lt\u00e4, \u00c4k\u00e4shotelli n. 500 m ja Jounin kauppakeskus &hellip; <a href=\"https:\/\/niestatupa.fi\/\">Lue loppuun <span class=\"meta-nav\">&rarr;<\/span><\/a><\/p>\n","protected":false},"author":1,"featured_media":0,"parent":0,"menu_order":0,"comment_status":"closed","ping_status":"closed","template":"onecolumn-page.php","meta":{"footnotes":""},"class_list":["post-74","page","type-page","status-publish","hentry"],"_links":{"self":[{"href":"https:\/\/niestatupa.fi\/index.php\/wp-json\/wp\/v2\/pages\/74","targetHints":{"allow":["GET"]}}],"collection":[{"href":"https:\/\/niestatupa.fi\/index.php\/wp-json\/wp\/v2\/pages"}],"about":[{"href":"https:\/\/niestatupa.fi\/index.php\/wp-json\/wp\/v2\/types\/page"}],"author":[{"embeddable":true,"href":"https:\/\/niestatupa.fi\/index.php\/wp-json\/wp\/v2\/users\/1"}],"replies":[{"embeddable":true,"href":"https:\/\/niestatupa.fi\/index.php\/wp-json\/wp\/v2\/comments?post=74"}],"version-history":[{"count":13,"href":"https:\/\/niestatupa.fi\/index.php\/wp-json\/wp\/v2\/pages\/74\/revisions"}],"predecessor-version":[{"id":461,"href":"https:\/\/niestatupa.fi\/index.php\/wp-json\/wp\/v2\/pages\/74\/revisions\/461"}],"wp:attachment":[{"href":"https:\/\/niestatupa.fi\/index.php\/wp-json\/wp\/v2\/media?parent=74"}],"curies":[{"name":"wp","href":"https:\/\/api.w.org\/{rel}","templated":true}]}}